4
Let h(i) = i**3 + 6*i**2 + 312*i - 659. What is h(2)?
-3
Let y(q) = -20*q**2 - 2634*q - 1831. Calculate y(-131).
3
Let l(y) = -2*y**3 + 91*y**2 + 43*y + 37. Give l(46).
-101
Let k(r) = -2*r**3 + 28*r**2 + 97*r + 93. Calculate k(17).
8
Let w(y) = 82*y + 1153. Calculate w(-14).
5
Let x(m) = 16*m**2 + 76*m - 18. Determine x(-5).
2
Let n(h) = 2617*h - 20941. What is n(8)?
-5
Let c(l) = -3*l**2 - 127*l - 1241. Determine c(-27).
1
Let b(n) = 47*n - 2759. Determine b(59).
14
Let q(y) = 57*y - 55. What is q(0)?
-55
Let b(k) = -801*k + 11210. Calculate b(14).
-4
Let q(f) = -7808*f - 148361. Calculate q(-19).
-9
Let k(s) = -1387*s - 2763. Calculate k(-2).
11
Let o(x) = -x**3 + 4*x**2 + 20*x - 48. Calculate o(6).
0
Let y(k) = -47*k + 4428. Calculate y(96).
-84
Let y(z) = -11*z - 364. Calculate y(-37).
43
Let a(r) = 2*r**3 - 2*r**2 - 22*r - 15. Give a(0).
-15
Let k(r) = 11*r**3 + 3*r**2 - 6*r - 9. What is k(-2)?
-73
Let l(x) = 27*x**2 - 486*x + 838. Determine l(16).
-26
Let v(x) = -742*x - 14087. Determine v(-19).
11
Let d(k) = -k**3 - 9*k**2 - 14*k + 4. What is d(-6)?
-20
Let k(x) = -x**3 - 11*x**2 - 9*x + 41. Give k(-10).
31
Let a(n) = -14*n**2 + 35*n + 188. What is a(-5)?
-337
Let u(a) = a**3 - 3*a**2 - 10*a + 9. Give u(0).
9
Let v(s) = -1882*s**2 + 13174*s. Determine v(7).
0
Let u(c) = c**3 - 17*c**2 - 198*c + 7. Determine u(-8).
-9
Let i(c) = -72*c + 54. Calculate i(0).
54
Let z(g) = 7*g**2 - 14*g - 16. Calculate z(7).
229
Let i(b) = 123*b - 12423. Determine i(101).
0
Let u(a) = -77*a**3 - 6*a**2 + 2*a - 3. Give u(1).
-84
Let m(d) = 24*d**3 + 4*d**2 + 6*d - 37. Determine m(2).
183
Let p(d) = -3*d**3 - 7*d**2 + d + 16. Calculate p(-2).
10
Let x(n) = -n**2 - 84*n - 851. Give x(-81).
-608
Let j(c) = -253*c - 5593. Give j(-22).
-27
Let b(l) = 15*l**2 - 20*l - 157. What is b(6)?
263
Let p(u) = -u**3 - 7*u**2 - 28*u - 7. Determine p(-3).
41
Let a(n) = -2*n**2 - 29*n + 60. Calculate a(-21).
-213
Let u(m) = 12*m + 703. Give u(-57).
19
Let o(z) = -76*z + 14507. Give o(191).
-9
Let c(h) = -14025*h + 140247. Give c(10).
-3
Let p(u) = 45*u - 3122. Determine p(70).
28
Let m(c) = -2*c**3 + 394*c**2 + 7276*c + 5. Determine m(-17).
5
Let g(v) = -v**3 + 18*v**2 - 14*v - 19. Calculate g(17).
32
Let b(h) = 930*h + 4639. What is b(-5)?
-11
Let o(p) = p**3 - 193*p**2 + 1124*p + 7. Calculate o(6).
19
Let m(x) = -29*x**2 - 109*x - 69. What is m(-3)?
-3
Let m(d) = 250*d + 2530. What is m(-10)?
30
Let x(f) = -3291*f + 9880. Determine x(3).
7
Let x(u) = -2*u**2 + 17193*u + 17193. Calculate x(-1).
-2
Let l(w) = -138*w - 3718. Determine l(-27).
8
Let s(b) = -b**2 - 339*b - 6985. Calculate s(-22).
-11
Let a(l) = -2*l**3 - 96*l**2 + l + 29. Give a(-48).
-19
Let d(g) = 4*g + 236. Give d(22).
324
Let k(d) = -d**3 - 13*d**2 - 8*d + 31. Determine k(-10).
-189
Let q(w) = -64*w + 611. Determine q(13).
-221
Let c(h) = -77*h**2 - 1005*h - 23. Calculate c(-13).
29
Let s(j) = 2*j**2 - 1637*j + 9758. What is s(6)?
8
Let q(o) = o**2 - 146*o + 299. Determine q(2).
11
Let w(p) = 2*p**2 - 228*p + 1172. Calculate w(5).
82
Let f(q) = -q**2 + 30*q + 392. Give f(40).
-8
Let k(d) = d**3 - 8*d**2 - 23*d + 140. Calculate k(7).
-70
Let r(u) = u**3 + 64*u**2 + 3*u + 238. Calculate r(-64).
46
Let o(u) = 23*u**2 + 1081*u - 40. Determine o(-47).
-40
Let x(b) = 232*b + 5568. What is x(-24)?
0
Let d(m) = -m**3 - 18*m**2 + 258*m + 4655. What is d(-17)?
-20
Let q(b) = -b**3 - 30*b**2 - 199*b + 13. Give q(-20).
-7
Let s(w) = w**3 - 9*w**2 - 26*w + 225. Determine s(9).
-9
Let x(a) = 711*a + 45506. Calculate x(-64).
2
Let j(v) = 78*v**2 + 208*v. What is j(-2)?
-104
Let o(a) = -a**2 + 64*a + 68. What is o(61)?
251
Let i(c) = 2*c**2 + 44*c + 55. What is i(-4)?
-89
Let b(x) = -172*x + 6910. Calculate b(40).
30
Let b(q) = -q**3 - 18*q**2 - 32*q - 110. Calculate b(-7).
-425
Let a(t) = 1412*t - 27. Determine a(0).
-27
Let q(z) = z**2 + 561*z - 11613. Determine q(20).
7
Let g(w) = 11275*w + 101470. Determine g(-9).
-5
Let k(u) = u**3 + 6*u**2 - 10*u - 79. Give k(-7).
-58
Let o(c) = -c**3 + 14*c**2 - 4*c + 2. Determine o(14).
-54
Let c(q) = 316*q + 29390. Determine c(-93).
2
Let q(a) = -a**2 - 9*a - 32. What is q(-5)?
-12
Let u(d) = 2021*d - 52568. Determine u(26).
-22
Let g(b) = -11*b**2 - 218*b + 55. What is g(-20)?
15
Let y(p) = -155*p**2 + 151*p. Determine y(1).
-4
Let h(w) = -w**2 + 92*w + 391. Give h(96).
7
Let n(f) = -f**3 + 2*f**2 + 67*f + 168. Determine n(-5).
8
Let q(z) = -2*z**3 - 141*z**2 - 67*z + 223. Give q(-70).
13
Let x(v) = -46*v**2 + 280*v + 278. What is x(-1)?
-48
Let g(c) = -c**3 - 11*c**2 - 18*c - 30. Give g(-10).
50
Let w(b) = b**2 + 136*b - 833. What is w(6)?
19
Let u(d) = -2*d**2 - 31*d + 148. Calculate u(4).
-8
Let k(s) = -14*s**3 + 5*s**2 + 3*s - 3. Determine k(1).
-9
Let c(v) = v**2 - 41*v - 630. Give c(53).
6
Let x(i) = -31*i**2 - 395*i + 34. What is x(-13)?
-70
Let m(i) = 20*i + 321. Calculate m(-18).
-39
Let q(o) = -o**2 - 28*o + 299. Calculate q(9).
-34
Let j(k) = k**2 + 20*k - 2024. What is j(-56)?
-8
Let r(o) = -825*o + 821. Calculate r(1).
-4
Let d(p) = p**3 + 11*p**2 + 27*p + 1304. Determine d(-15).
-1
Let k(s) = 65*s + 852. Calculate k(-9).
267
Let t(m) = -51*m + 300. Calculate t(6).
-6
Let l(f) = 7*f - 468. Give l(69).
15
Let o(a) = 143*a**2 + 18*a + 20. Calculate o(-1).
145
Let i(m) = -m**2 + 2*m + 43. Calculate i(7).
8
Let a(s) = -21*s - 39. Determine a(5).
-144
Let k(o) = -82*o + 20. Give k(0).
20
Let o(x) = -6*x**2 - 287*x - 139. Determine o(-47).
96
Let z(o) = -o**2 + 46*o + 2406. Give z(-31).
19
Let t(h) = -10*h**2 - 210*h + 16. Give t(-21).
16
Let a(c) = -c**3 + 113*c**2 - 113*c + 131. Give a(112).
19
Let d(u) = -u**2 + 54*u - 314. Determine d(6).
-26
Let h(c) = 22*c + 480. Give h(-16).
128
Let o(m) = -2*m - 35. What is o(18)?
-71
Let m(v) = -67*v**2 - 5*v + 3. Determine m(1).
-69
Let l(v) = v**3 + 559*v**2 + 10779*v - 28. What is l(-20)?
-8
Let c(l) = -2*l**2 + 296*l + 13230. Calculate c(-36).
-18
Let d(r) = -r**2 - 5*r + 1103. Calculate d(-33).
179
Let j(k) = -215*k - 159. What is j(-1)?
56
Let j(m) = m**3 - 15*m**2 + 25*m - 56. Give j(13).
-69
Let j(a) = -a**2 - 38*a + 4404. Give j(-88).
4
Let t(z) = 3*z**2 - 178*z + 873. Calculate t(54).
9
Let b(j) = -65*j - 345. Give b(-6).
45
Let s(g) = -9913*g - 49540. Give s(-5).
25
Let k(t) = t - 415. Give k(51).
-364
Let u(w) = -7*w**2 - 212*w + 628. Determine u(-33).
1
Let y(h) = -h**3 - 117*h**2 - 273*h + 7858. What is y(-114)?
-8
Let n(j) = j**2 + 5089*j + 111469. Calculate n(-22).
-5
Let r(x) = x**3 - 9*x**2 + 15*x - 349. Calculate r(10).
-99
Let b(t) = -235*t - 3437. Determine b(-15).
88
Let v(z) = -z**3 + 54*z**2 - 103*z + 21. Calculate v(52).
73
Let g(a) = -7*a**3 - 112*a**2 + 5*a + 72. Calculate g(-16).
-8
Let w(o) = -o**3 - 17*o**2 - 8*o - 11. Give w(-16).
-139
Let x(t) = 9*t**2 + 46*t - 16. What is x(-5)?
-21
Let k(f) = f**2 - 1319*f + 12. Determine k(0).
12
Let z(b) = b**3 + 22*b**2 - 59*b + 19. What is z(-24)?
283
Let t(m) = 9*m**2 - 771*m - 990. Determine t(87).
54
Let u(x) = -x**3 - 34*x**2 - 9*x - 269. Give u(-34).
37
Let x(w) = w**3 + 185*w**2 - 944*w + 1142. Determine x(-190).
2
Let g(x) = 40*x**2 + 11*x + 24. What is g(-2)?
162
Let d(t) = -14*t**2 - 146*t - 247. What is d(-2)?
-11
Let t(f) = 36*f + 2369. What is t(-58)?
281
Let k(i) = -i**3 + 36*i**2 - 33*i - 59. What is k(35)?
11
Let d(r) = -20*r - 151. Determine d(9).
-331
Let u(s) = -2*s**2 - 16*s - 52. Give u(-8).
-52
Let q(d) = -64*d - 387. Give q(-5).
-67
Let q(k) = 5*k**3 - 676*k**2 + 805*k - 130. Give q(134).
4
Let n(y) = -73*y + 171. What is n(5)?
-194
Let p(k) = k**3 - 110*k**2 + 420*k + 420. What is p(106)?
-4
Let i(k) = k**3 - 2*k**2 - 21*k - 76. Give i(-6).
-238
Let h(s) = s**2 + 25*s + 168. Determine h(-11).
14
Let t(u) = u**2 - 187*u - 9869. Calculate t(-43).
21
Let o(c) = c**2 - 20*c + 48. Give o(-17).
677
Let b(m) = -5670*m + 3. Give b(0).
3
Let l(a) = -2*a**2 - 134*a - 1841. Determine l(-47).
39
Let g(t) = -13*t**2 + 114*t + 283. Determine g(-2).
3
Let c(z) = -22*z + 545. Give c(25).
-5
Let l(r) = 2*r**2 - 712*r + 3522. Calculate l(5).
12
Let d(o) = -24*o - 718. Determine d(-24).
-142
Let s(z) = z**2 + z - 806. Give s(-29).
6
Let k(y) = -2*y**3 - 40*y**2 - 39*y + 19. What is k(-19)?
38
Let n(i) = 14*i**2 - 164*i - 16. Calculate n(12).
32
Let 